{"id":400,"date":"2021-10-19T17:24:00","date_gmt":"2021-10-19T17:24:00","guid":{"rendered":"https:\/\/interwebgdl.com\/?page_id=400"},"modified":"2026-02-16T20:21:34","modified_gmt":"2026-02-16T20:21:34","slug":"publicidad-google-ads","status":"publish","type":"page","link":"https:\/\/interwebgdl.com\/?page_id=400","title":{"rendered":"PUBLICIDAD GOOGLE ADS"},"content":{"rendered":"<p>[et_pb_section fb_built=\u00bb1&#8243; fullwidth=\u00bbon\u00bb _builder_version=\u00bb4.16&#8243; _module_preset=\u00bbdefault\u00bb background_enable_image=\u00bboff\u00bb background_size=\u00bbinitial\u00bb bottom_divider_color=\u00bb#ffffff\u00bb locked=\u00bboff\u00bb global_colors_info=\u00bb{}\u00bb][et_pb_fullwidth_slider _builder_version=\u00bb4.16&#8243; _module_preset=\u00bbdefault\u00bb header_font=\u00bbRaleway|800|||||||\u00bb header_text_align=\u00bbcenter\u00bb header_font_size=\u00bb65px\u00bb header_line_height=\u00bb1.2em\u00bb header_font_size_tablet=\u00bb50px\u00bb header_font_size_phone=\u00bb37px\u00bb header_font_size_last_edited=\u00bbon|phone\u00bb header_text_shadow_style=\u00bbpreset4&#8243; header_text_shadow_color=\u00bb#313140&#8243; global_colors_info=\u00bb{}\u00bb][et_pb_slide heading=\u00bbPUBLICIDAD CON GOOGLE ADS\u00bb use_bg_overlay=\u00bbon\u00bb bg_overlay_color=\u00bbrgba(31,40,40,0.24)\u00bb _builder_version=\u00bb4.16&#8243; _module_preset=\u00bbdefault\u00bb header_font_size=\u00bb78px\u00bb background_image=\u00bbhttps:\/\/interwebgdl.com\/wp-content\/uploads\/2021\/09\/marketing-google-ads.jpeg\u00bb background_enable_image=\u00bbon\u00bb header_font_size_tablet=\u00bb47px\u00bb header_font_size_phone=\u00bb36px\u00bb header_font_size_last_edited=\u00bbon|phone\u00bb global_colors_info=\u00bb{}\u00bb sticky_transition=\u00bbon\u00bb][\/et_pb_slide][\/et_pb_fullwidth_slider][\/et_pb_section][et_pb_section fb_built=\u00bb1&#8243; _builder_version=\u00bb4.16&#8243; _module_preset=\u00bbdefault\u00bb background_color=\u00bb#f5f5f5&#8243; background_enable_image=\u00bboff\u00bb parallax=\u00bbon\u00bb custom_margin=\u00bb0px||||false|false\u00bb custom_margin_tablet=\u00bb\u00bb custom_margin_phone=\u00bb\u00bb custom_margin_last_edited=\u00bbon|tablet\u00bb custom_padding=\u00bb0px||0px||false|false\u00bb locked=\u00bboff\u00bb global_colors_info=\u00bb{}\u00bb][et_pb_row _builder_version=\u00bb4.16&#8243; _module_preset=\u00bbdefault\u00bb global_colors_info=\u00bb{}\u00bb][et_pb_column type=\u00bb4_4&#8243; _builder_version=\u00bb4.16&#8243; _module_preset=\u00bbdefault\u00bb global_colors_info=\u00bb{}\u00bb][et_pb_text _builder_version=\u00bb4.16&#8243; _module_preset=\u00bbdefault\u00bb text_font=\u00bbLato|500|||||||\u00bb text_text_color=\u00bb#313140&#8243; text_font_size=\u00bb25px\u00bb text_line_height=\u00bb1.3em\u00bb header_font=\u00bbRaleway||||||||\u00bb text_orientation=\u00bbjustified\u00bb text_font_size_tablet=\u00bb23px\u00bb text_font_size_phone=\u00bb14px\u00bb text_font_size_last_edited=\u00bbon|phone\u00bb global_colors_info=\u00bb{}\u00bb]<\/p>\n<p><span>Administramos campa\u00f1as de marketing digital a trav\u00e9s de <strong><span style=\"color: #35d6d5;\">Google Ads<\/span><\/strong> donde tus anuncios aparecen cuando tus\u00a0 potenciales\u00a0clientes buscan productos o servicios relacionados con tu negocio, esto hace del publicidad por Google ads,\u00a0 una herramienta indispensable para todos los negocios o empresas,\u00a0 que quieran obtener clientes e incrementar sus ventas de manera efectiva.<\/span><\/p>\n<p>[\/et_pb_text][\/et_pb_column][\/et_pb_row][\/et_pb_section][et_pb_section fb_built=\u00bb1&#8243; _builder_version=\u00bb4.16&#8243; _module_preset=\u00bbdefault\u00bb background_color=\u00bb#ffffff\u00bb background_enable_image=\u00bboff\u00bb global_colors_info=\u00bb{}\u00bb][et_pb_row column_structure=\u00bb3_5,2_5&#8243; _builder_version=\u00bb4.16&#8243; _module_preset=\u00bbdefault\u00bb width=\u00bb90%\u00bb max_width=\u00bb1980px\u00bb global_colors_info=\u00bb{}\u00bb][et_pb_column type=\u00bb3_5&#8243; _builder_version=\u00bb4.16&#8243; _module_preset=\u00bbdefault\u00bb global_colors_info=\u00bb{}\u00bb][et_pb_image src=\u00bbhttps:\/\/interwebgdl.com\/wp-content\/uploads\/2021\/10\/marketing-google-ads-3b2.png\u00bb alt=\u00bbPublicidad Google ads\u00bb title_text=\u00bbPublicidad Google ads\u00bb align=\u00bbcenter\u00bb _builder_version=\u00bb4.16&#8243; _module_preset=\u00bbdefault\u00bb width=\u00bb84%\u00bb global_colors_info=\u00bb{}\u00bb][\/et_pb_image][\/et_pb_column][et_pb_column type=\u00bb2_5&#8243; _builder_version=\u00bb4.16&#8243; _module_preset=\u00bbdefault\u00bb custom_padding=\u00bb10px||||false|false\u00bb global_colors_info=\u00bb{}\u00bb][et_pb_toggle title=\u00bbPago por click\u00bb open=\u00bbon\u00bb open_toggle_text_color=\u00bb#35d6d5&#8243; open_toggle_background_color=\u00bb#f6f6f6f6&#8243; closed_toggle_text_color=\u00bb#35d6d5&#8243; closed_toggle_background_color=\u00bbrgba(0,0,0,0)\u00bb icon_color=\u00bb#35d6d5&#8243; open_icon_color=\u00bb#35d6d5&#8243; _builder_version=\u00bb4.16&#8243; _module_preset=\u00bbdefault\u00bb title_text_color=\u00bb#35d6d5&#8243; title_font=\u00bbLato|900|||||||\u00bb closed_title_font=\u00bbLato|900|||||||\u00bb body_font=\u00bbLato||||||||\u00bb body_text_align=\u00bbjustify\u00bb custom_padding=\u00bb||10px||false|false\u00bb border_width_all=\u00bb0px\u00bb border_color_all=\u00bbrgba(217,217,217,0.48)\u00bb border_width_bottom=\u00bb1px\u00bb global_colors_info=\u00bb{}\u00bb]<\/p>\n<p><span>El Pago por Click es una forma de publicidad que se utiliza en motores de b\u00fasqueda como Google. Aqui usted \u00fanicamente paga cuando un usuario da click a su anuncio dentro de los resultados de google.<\/span><\/p>\n<p>[\/et_pb_toggle][et_pb_toggle title=\u00bbAnuncio personalizados\u00bb open_toggle_text_color=\u00bb#35d6d5&#8243; open_toggle_background_color=\u00bb#f6f6f6&#8243; closed_toggle_text_color=\u00bb#35d6d5&#8243; closed_toggle_background_color=\u00bbrgba(0,0,0,0)\u00bb icon_color=\u00bb#35d6d5&#8243; open_icon_color=\u00bb#35d6d5&#8243; _builder_version=\u00bb4.16&#8243; _module_preset=\u00bbdefault\u00bb title_text_color=\u00bb#35d6d5&#8243; title_font=\u00bbLato|900|||||||\u00bb closed_title_font=\u00bbLato|900|||||||\u00bb body_font=\u00bbLato||||||||\u00bb body_text_align=\u00bbjustify\u00bb custom_margin=\u00bb-30px|||||\u00bb custom_padding=\u00bb||10px||false|false\u00bb border_width_all=\u00bb0px\u00bb border_color_all=\u00bbrgba(217,217,217,0.48)\u00bb border_width_bottom=\u00bb1px\u00bb global_colors_info=\u00bb{}\u00bb]<\/p>\n<p><span>Creaci\u00f3n de anuncios personalizados acorde al giro de tu empresa, anuncios para tus productos, servicios \u00f3 promociones y todos estos aparecer\u00e1n cuando tus potenciales clientes busquen con las palabras clave a trav\u00e9s de google<\/span><\/p>\n<p>[\/et_pb_toggle][et_pb_toggle title=\u00bbTus anuncios en resultados de busqueda\u00bb open_toggle_text_color=\u00bb#35d6d5&#8243; open_toggle_background_color=\u00bb#f6f6f6&#8243; closed_toggle_text_color=\u00bb#35d6d5&#8243; closed_toggle_background_color=\u00bbrgba(0,0,0,0)\u00bb icon_color=\u00bb#35d6d5&#8243; open_icon_color=\u00bb#35d6d5&#8243; _builder_version=\u00bb4.16&#8243; _module_preset=\u00bbdefault\u00bb title_text_color=\u00bb#35d6d5&#8243; title_font=\u00bbLato|900|||||||\u00bb closed_title_font=\u00bbLato|900|||||||\u00bb body_font=\u00bbLato||||||||\u00bb body_text_align=\u00bbjustify\u00bb custom_margin=\u00bb-30px|||||\u00bb custom_padding=\u00bb||10px||false|false\u00bb border_width_all=\u00bb0px\u00bb border_color_all=\u00bbrgba(217,217,217,0.48)\u00bb border_width_bottom=\u00bb1px\u00bb global_colors_info=\u00bb{}\u00bb]<\/p>\n<p><span>Tus anuncios saldr\u00e1n impresos en los resultados de busqueda de Google solo cuando tus potenciales clientes busquen tus productos o servicios.<\/span><\/p>\n<p>[\/et_pb_toggle][et_pb_toggle title=\u00bbOrientaci\u00f3n geogr\u00e1fica de anuncios\u00bb open_toggle_text_color=\u00bb#35d6d5&#8243; open_toggle_background_color=\u00bb#f6f6f6&#8243; closed_toggle_text_color=\u00bb#35d6d5&#8243; closed_toggle_background_color=\u00bbrgba(0,0,0,0)\u00bb icon_color=\u00bb#35d6d5&#8243; open_icon_color=\u00bb#35d6d5&#8243; _builder_version=\u00bb4.16&#8243; _module_preset=\u00bbdefault\u00bb title_text_color=\u00bb#35d6d5&#8243; title_font=\u00bbLato|900|||||||\u00bb closed_title_font=\u00bbLato|900|||||||\u00bb body_font=\u00bbLato||||||||\u00bb body_text_align=\u00bbjustify\u00bb custom_margin=\u00bb-30px|||||\u00bb custom_padding=\u00bb||10px||false|false\u00bb border_width_all=\u00bb0px\u00bb border_color_all=\u00bbrgba(217,217,217,0.48)\u00bb border_width_bottom=\u00bb1px\u00bb global_colors_info=\u00bb{}\u00bb]<\/p>\n<p><span>Puedes dirigir tus anuncios a el estado, ciudad, municipio o al lugar que crees mas conveniente ofrecer tus productos y servicios para poder asi llegar al mejor publico objetivo.<\/span><\/p>\n<p>[\/et_pb_toggle][et_pb_toggle title=\u00bbTus anuncios en sitios asociados a Google\u00bb open_toggle_text_color=\u00bb#35d6d5&#8243; open_toggle_background_color=\u00bb#f6f6f6&#8243; closed_toggle_text_color=\u00bb#35d6d5&#8243; closed_toggle_background_color=\u00bbrgba(0,0,0,0)\u00bb icon_color=\u00bb#35d6d5&#8243; open_icon_color=\u00bb#35d6d5&#8243; _builder_version=\u00bb4.16&#8243; _module_preset=\u00bbdefault\u00bb title_text_color=\u00bb#35d6d5&#8243; title_font=\u00bbLato|900|||||||\u00bb closed_title_font=\u00bbLato|900|||||||\u00bb body_font=\u00bbLato||||||||\u00bb body_text_align=\u00bbjustify\u00bb custom_margin=\u00bb-30px|||||\u00bb custom_padding=\u00bb||10px||false|false\u00bb border_width_all=\u00bb0px\u00bb border_color_all=\u00bbrgba(217,217,217,0.48)\u00bb border_width_bottom=\u00bb1px\u00bb global_colors_info=\u00bb{}\u00bb]<\/p>\n<p><span>Tus anuncios saldr\u00e1n impresos en la red de display, Google Shopping, YouTub y un mont\u00f3n de sitios web asociados a Google.<\/span><\/p>\n<p>[\/et_pb_toggle][\/et_pb_column][\/et_pb_row][\/et_pb_section][et_pb_section fb_built=\u00bb1&#8243; _builder_version=\u00bb4.16&#8243; _module_preset=\u00bbdefault\u00bb top_divider_style=\u00bbslant2&#8243; top_divider_color=\u00bb#f5f5f5&#8243; top_divider_height=\u00bb23px\u00bb locked=\u00bboff\u00bb global_colors_info=\u00bb{}\u00bb][et_pb_row column_structure=\u00bb1_5,3_5,1_5&#8243; _builder_version=\u00bb4.16&#8243; _module_preset=\u00bbdefault\u00bb background_color=\u00bbrgba(245,245,245,0.92)\u00bb width=\u00bb85%\u00bb max_width=\u00bb1980px\u00bb border_radii=\u00bbon|5px|5px|5px|5px\u00bb box_shadow_style=\u00bbpreset1&#8243; locked=\u00bboff\u00bb global_colors_info=\u00bb{}\u00bb][et_pb_column type=\u00bb1_5&#8243; _builder_version=\u00bb4.16&#8243; _module_preset=\u00bbdefault\u00bb global_colors_info=\u00bb{}\u00bb][et_pb_button button_url=\u00bbtel:3313990710&#8243; button_text=\u00bbLl\u00e1manos\u00bb button_alignment=\u00bbcenter\u00bb _builder_version=\u00bb4.16&#8243; _module_preset=\u00bbdefault\u00bb custom_button=\u00bbon\u00bb button_text_color=\u00bb#FFFFFF\u00bb button_bg_use_color_gradient=\u00bbon\u00bb button_bg_color_gradient_stops=\u00bb#35D6D5 0%|#29c4a9 100%\u00bb button_bg_color_gradient_start=\u00bb#35D6D5&#8243; button_border_width=\u00bb0px\u00bb button_font=\u00bbLato||||||||\u00bb button_icon=\u00bb&amp;#xe00b;||divi||400&#8243; button_icon_placement=\u00bbleft\u00bb custom_margin=\u00bb12px||||false|false\u00bb custom_padding=\u00bb6px|30px|6px|30px|false|false\u00bb box_shadow_style=\u00bbpreset1&#8243; locked=\u00bboff\u00bb global_colors_info=\u00bb{}\u00bb button_text_color__hover_enabled=\u00bbon|hover\u00bb button_text_color__hover=\u00bb#ffffff\u00bb button_bg_color__hover_enabled=\u00bbon|desktop\u00bb button_bg_color__hover=\u00bb#f5f5f5&#8243; button_bg_enable_color__hover=\u00bbon\u00bb transform_styles__hover_enabled=\u00bbon|hover\u00bb transform_scale__hover_enabled=\u00bbon|hover\u00bb transform_translate__hover_enabled=\u00bbon|desktop\u00bb transform_rotate__hover_enabled=\u00bbon|desktop\u00bb transform_skew__hover_enabled=\u00bbon|desktop\u00bb transform_origin__hover_enabled=\u00bbon|desktop\u00bb transform_scale__hover=\u00bb105%|105%\u00bb][\/et_pb_button][\/et_pb_column][et_pb_column type=\u00bb3_5&#8243; _builder_version=\u00bb4.16&#8243; _module_preset=\u00bbdefault\u00bb global_colors_info=\u00bb{}\u00bb][dipl_text_animator prefix_text=\u00bbLl\u00e1manos 33 1399 0710 para \u00bb animated_text=\u00bbbrindarte informaci\u00f3n\u00bb _builder_version=\u00bb4.16&#8243; _module_preset=\u00bbdefault\u00bb global_text_settings_font=\u00bbLato||||||||\u00bb pre_and_post_text_font=\u00bbLato||||||||\u00bb main_text_font=\u00bbLato|700|||||||\u00bb main_text_text_color=\u00bb#35d6d5&#8243; custom_padding=\u00bb11px||||false|false\u00bb global_text_settings_text_align_tablet=\u00bb\u00bb global_text_settings_text_align_phone=\u00bbcenter\u00bb global_text_settings_text_align_last_edited=\u00bbon|phone\u00bb global_colors_info=\u00bb{}\u00bb][\/dipl_text_animator][\/et_pb_column][et_pb_column type=\u00bb1_5&#8243; _builder_version=\u00bb4.16&#8243; _module_preset=\u00bbdefault\u00bb global_colors_info=\u00bb{}\u00bb][et_pb_blurb url=\u00bbhttp:\/\/contacto\u00bb use_icon=\u00bbon\u00bb font_icon=\u00bb&amp;#xe076;||divi||400&#8243; icon_color=\u00bb#35d6d5&#8243; icon_placement=\u00bbleft\u00bb image_icon_width=\u00bb60px\u00bb icon_placement_tablet=\u00bb\u00bb icon_placement_phone=\u00bbtop\u00bb icon_placement_last_edited=\u00bbon|phone\u00bb image_icon_width_last_edited=\u00bbon|phone\u00bb _builder_version=\u00bb4.16&#8243; _module_preset=\u00bbdefault\u00bb image_icon_custom_padding_last_edited=\u00bbon|phone\u00bb custom_margin=\u00bb5px||-1px||false|false\u00bb custom_padding=\u00bb0px||0px||false|false\u00bb border_width_all_image_last_edited=\u00bbon|phone\u00bb icon_font_size=\u00bb60px\u00bb global_colors_info=\u00bb{}\u00bb image_icon_width_tablet=\u00bb60px\u00bb image_icon_width_phone=\u00bb60px\u00bb][\/et_pb_blurb][\/et_pb_column][\/et_pb_row][\/et_pb_section][et_pb_section fb_built=\u00bb1&#8243; prev_background_color=\u00bb#ffffff\u00bb _builder_version=\u00bb4.16&#8243; _module_preset=\u00bbdefault\u00bb background_image=\u00bbhttps:\/\/interwebgdl.com\/wp-content\/uploads\/2021\/09\/fondo-beneficios.png\u00bb parallax=\u00bbon\u00bb parallax_method=\u00bboff\u00bb top_divider_style=\u00bbarrow\u00bb top_divider_height=\u00bb44px\u00bb global_colors_info=\u00bb{}\u00bb locked=\u00bboff\u00bb][et_pb_row _builder_version=\u00bb4.16&#8243; _module_preset=\u00bbdefault\u00bb width=\u00bb47%\u00bb global_colors_info=\u00bb{}\u00bb][et_pb_column type=\u00bb4_4&#8243; _builder_version=\u00bb4.16&#8243; _module_preset=\u00bbdefault\u00bb global_colors_info=\u00bb{}\u00bb][dipl_text_animator prefix_text=\u00bb\u00bfCu\u00e1les son los beneficios de tener una\u00bb animated_text=\u00bbP\u00e1gina Web\u00bb postfix_text=\u00bbfuncional en  Guadalajara\u00bb _builder_version=\u00bb4.16&#8243; _module_preset=\u00bbdefault\u00bb global_text_settings_font=\u00bbLato|700|||||||\u00bb global_text_settings_text_align=\u00bbcenter\u00bb global_text_settings_font_size=\u00bb27px\u00bb pre_and_post_text_font=\u00bbLato|900|||||||\u00bb pre_and_post_text_text_color=\u00bb#666666&#8243; main_text_font=\u00bbLato|900|||||||\u00bb main_text_text_color=\u00bb#2CBFDF\u00bb locked=\u00bboff\u00bb global_colors_info=\u00bb{}\u00bb][\/dipl_text_animator][\/et_pb_column][\/et_pb_row][et_pb_row column_structure=\u00bb3_5,2_5&#8243; _builder_version=\u00bb4.16&#8243; _module_preset=\u00bbdefault\u00bb width=\u00bb89%\u00bb max_width=\u00bb1980px\u00bb global_colors_info=\u00bb{}\u00bb][et_pb_column type=\u00bb3_5&#8243; _builder_version=\u00bb4.16&#8243; _module_preset=\u00bbdefault\u00bb global_colors_info=\u00bb{}\u00bb][et_pb_image src=\u00bbhttps:\/\/interwebgdl.com\/wp-content\/uploads\/2021\/09\/slider-1.jpeg\u00bb alt=\u00bbP\u00e1ginas Web Guadalajara\u00bb title_text=\u00bbP\u00e1ginas Web Guadalajara\u00bb _builder_version=\u00bb4.24.2&#8243; _module_preset=\u00bbdefault\u00bb hover_enabled=\u00bb0&#8243; global_colors_info=\u00bb{}\u00bb border_radii=\u00bbon|10px|10px|10px|10px\u00bb box_shadow_style=\u00bbpreset1&#8243; sticky_enabled=\u00bb0&#8243;][\/et_pb_image][\/et_pb_column][et_pb_column type=\u00bb2_5&#8243; _builder_version=\u00bb4.16&#8243; _module_preset=\u00bbdefault\u00bb custom_padding=\u00bb15px||||false|false\u00bb global_colors_info=\u00bb{}\u00bb][et_pb_blurb title=\u00bbVisibilidad  de tu negocio en todo momento\u00bb use_icon=\u00bbon\u00bb font_icon=\u00bb&#x5a;||divi||400&#8243; icon_color=\u00bb#35d6d5&#8243; icon_placement=\u00bbleft\u00bb image_icon_width=\u00bb28px\u00bb _builder_version=\u00bb4.16&#8243; _module_preset=\u00bbdefault\u00bb header_font=\u00bbLato|700|||||||\u00bb header_font_size=\u00bb15px\u00bb header_line_height=\u00bb1.5em\u00bb icon_font_size=\u00bb28px\u00bb locked=\u00bboff\u00bb global_colors_info=\u00bb{}\u00bb][\/et_pb_blurb][et_pb_blurb title=\u00bbTus potenciales clientes  te encuentran en Google\u00bb use_icon=\u00bbon\u00bb font_icon=\u00bb&#x5a;||divi||400&#8243; icon_color=\u00bb#35d6d5&#8243; icon_placement=\u00bbleft\u00bb image_icon_width=\u00bb28px\u00bb _builder_version=\u00bb4.16&#8243; _module_preset=\u00bbdefault\u00bb header_font=\u00bbLato|700|||||||\u00bb header_font_size=\u00bb15px\u00bb header_line_height=\u00bb1.5em\u00bb icon_font_size=\u00bb28px\u00bb locked=\u00bboff\u00bb global_colors_info=\u00bb{}\u00bb][\/et_pb_blurb][et_pb_blurb title=\u00bbVisibilidad de tu p\u00e1gina web en todos los dispositivos\u00bb use_icon=\u00bbon\u00bb font_icon=\u00bb&#x5a;||divi||400&#8243; icon_color=\u00bb#35d6d5&#8243; icon_placement=\u00bbleft\u00bb image_icon_width=\u00bb28px\u00bb _builder_version=\u00bb4.16&#8243; _module_preset=\u00bbdefault\u00bb header_font=\u00bbLato|700|||||||\u00bb header_font_size=\u00bb15px\u00bb header_line_height=\u00bb1.5em\u00bb icon_font_size=\u00bb28px\u00bb locked=\u00bboff\u00bb global_colors_info=\u00bb{}\u00bb][\/et_pb_blurb][et_pb_blurb title=\u00bbIncrementa tus  ventas\u00bb use_icon=\u00bbon\u00bb font_icon=\u00bb&#x5a;||divi||400&#8243; icon_color=\u00bb#35d6d5&#8243; icon_placement=\u00bbleft\u00bb image_icon_width=\u00bb28px\u00bb _builder_version=\u00bb4.16&#8243; _module_preset=\u00bbdefault\u00bb header_font=\u00bbLato|700|||||||\u00bb header_font_size=\u00bb15px\u00bb header_line_height=\u00bb1.5em\u00bb icon_font_size=\u00bb28px\u00bb locked=\u00bboff\u00bb global_colors_info=\u00bb{}\u00bb][\/et_pb_blurb][et_pb_blurb title=\u00bbGenera confianza en tu negocio\u00bb use_icon=\u00bbon\u00bb font_icon=\u00bb&#x5a;||divi||400&#8243; icon_color=\u00bb#35d6d5&#8243; icon_placement=\u00bbleft\u00bb image_icon_width=\u00bb28px\u00bb _builder_version=\u00bb4.16&#8243; _module_preset=\u00bbdefault\u00bb header_font=\u00bbLato|700|||||||\u00bb header_font_size=\u00bb15px\u00bb header_line_height=\u00bb1.5em\u00bb icon_font_size=\u00bb28px\u00bb locked=\u00bboff\u00bb global_colors_info=\u00bb{}\u00bb][\/et_pb_blurb][et_pb_blurb title=\u00bbCorreos profesionales con el nombre de tu empresa\u00bb use_icon=\u00bbon\u00bb font_icon=\u00bb&#x5a;||divi||400&#8243; icon_color=\u00bb#35d6d5&#8243; icon_placement=\u00bbleft\u00bb image_icon_width=\u00bb28px\u00bb _builder_version=\u00bb4.16&#8243; _module_preset=\u00bbdefault\u00bb header_font=\u00bbLato|700|||||||\u00bb header_font_size=\u00bb15px\u00bb header_line_height=\u00bb1.5em\u00bb body_font=\u00bbLato||||||||\u00bb icon_font_size=\u00bb28px\u00bb locked=\u00bboff\u00bb global_colors_info=\u00bb{}\u00bb][\/et_pb_blurb][\/et_pb_column][\/et_pb_row][\/et_pb_section]<\/p>\n","protected":false},"excerpt":{"rendered":"<p>Administramos campa\u00f1as de marketing digital a trav\u00e9s de Google Ads donde tus anuncios aparecen cuando tus\u00a0 potenciales\u00a0clientes buscan productos o servicios relacionados con tu negocio, esto hace del publicidad por Google ads,\u00a0 una herramienta indispensable para todos los negocios o empresas,\u00a0 que quieran obtener clientes e incrementar sus ventas de manera efectiva.El Pago por Click [&hellip;]<\/p>\n","protected":false},"author":3,"featured_media":0,"parent":0,"menu_order":0,"comment_status":"closed","ping_status":"closed","template":"","meta":{"_et_pb_use_builder":"on","_et_pb_old_content":"","_et_gb_content_width":"","footnotes":""},"class_list":["post-400","page","type-page","status-publish","hentry"],"yoast_head":"<!-- This site is optimized with the Yoast SEO plugin v27.5 - https:\/\/yoast.com\/product\/yoast-seo-wordpress\/ -->\n<title>Campa\u00f1as de publicidad por Google ads<\/title>\n<meta name=\"description\" content=\"Necesitas resultados inmediatos con publicidad de Google, administramos de manera exitosa campa\u00f1as de publicidad por Google ads. 33 1399 0710\" \/>\n<meta name=\"robots\" content=\"index, follow, max-snippet:-1, max-image-preview:large, max-video-preview:-1\" \/>\n<link rel=\"canonical\" href=\"https:\/\/interwebgdl.com\/publicidad-google-ads\/\" \/>\n<meta property=\"og:locale\" content=\"es_ES\" \/>\n<meta property=\"og:type\" content=\"article\" \/>\n<meta property=\"og:title\" content=\"Campa\u00f1as de publicidad por Google ads\" \/>\n<meta property=\"og:description\" content=\"Necesitas resultados inmediatos con publicidad de Google, administramos de manera exitosa campa\u00f1as de publicidad por Google ads. 33 1399 0710\" \/>\n<meta property=\"og:url\" content=\"https:\/\/interwebgdl.com\/publicidad-google-ads\/\" \/>\n<meta property=\"og:site_name\" content=\"InterWebGDL\" \/>\n<meta property=\"article:modified_time\" content=\"2026-02-16T20:21:34+00:00\" \/>\n<meta name=\"twitter:card\" content=\"summary_large_image\" \/>\n<meta name=\"twitter:label1\" content=\"Tiempo de lectura\" \/>\n\t<meta name=\"twitter:data1\" content=\"3 minutos\" \/>\n<script type=\"application\/ld+json\" class=\"yoast-schema-graph\">{\"@context\":\"https:\\\/\\\/schema.org\",\"@graph\":[{\"@type\":\"WebPage\",\"@id\":\"https:\\\/\\\/interwebgdl.com\\\/publicidad-google-ads\\\/\",\"url\":\"https:\\\/\\\/interwebgdl.com\\\/publicidad-google-ads\\\/\",\"name\":\"Campa\u00f1as de publicidad por Google ads\",\"isPartOf\":{\"@id\":\"https:\\\/\\\/interwebgdl.com\\\/#website\"},\"datePublished\":\"2021-10-19T17:24:00+00:00\",\"dateModified\":\"2026-02-16T20:21:34+00:00\",\"description\":\"Necesitas resultados inmediatos con publicidad de Google, administramos de manera exitosa campa\u00f1as de publicidad por Google ads. 33 1399 0710\",\"breadcrumb\":{\"@id\":\"https:\\\/\\\/interwebgdl.com\\\/publicidad-google-ads\\\/#breadcrumb\"},\"inLanguage\":\"es\",\"potentialAction\":[{\"@type\":\"ReadAction\",\"target\":[\"https:\\\/\\\/interwebgdl.com\\\/publicidad-google-ads\\\/\"]}]},{\"@type\":\"BreadcrumbList\",\"@id\":\"https:\\\/\\\/interwebgdl.com\\\/publicidad-google-ads\\\/#breadcrumb\",\"itemListElement\":[{\"@type\":\"ListItem\",\"position\":1,\"name\":\"Portada\",\"item\":\"https:\\\/\\\/interwebgdl.com\\\/\"},{\"@type\":\"ListItem\",\"position\":2,\"name\":\"PUBLICIDAD GOOGLE ADS\"}]},{\"@type\":\"WebSite\",\"@id\":\"https:\\\/\\\/interwebgdl.com\\\/#website\",\"url\":\"https:\\\/\\\/interwebgdl.com\\\/\",\"name\":\"InterWebGDL\",\"description\":\"Desarrollo Web &amp; Marketing\",\"potentialAction\":[{\"@type\":\"SearchAction\",\"target\":{\"@type\":\"EntryPoint\",\"urlTemplate\":\"https:\\\/\\\/interwebgdl.com\\\/?s={search_term_string}\"},\"query-input\":{\"@type\":\"PropertyValueSpecification\",\"valueRequired\":true,\"valueName\":\"search_term_string\"}}],\"inLanguage\":\"es\"}]}<\/script>\n<!-- \/ Yoast SEO plugin. -->","yoast_head_json":{"title":"Campa\u00f1as de publicidad por Google ads","description":"Necesitas resultados inmediatos con publicidad de Google, administramos de manera exitosa campa\u00f1as de publicidad por Google ads. 33 1399 0710","robots":{"index":"index","follow":"follow","max-snippet":"max-snippet:-1","max-image-preview":"max-image-preview:large","max-video-preview":"max-video-preview:-1"},"canonical":"https:\/\/interwebgdl.com\/publicidad-google-ads\/","og_locale":"es_ES","og_type":"article","og_title":"Campa\u00f1as de publicidad por Google ads","og_description":"Necesitas resultados inmediatos con publicidad de Google, administramos de manera exitosa campa\u00f1as de publicidad por Google ads. 33 1399 0710","og_url":"https:\/\/interwebgdl.com\/publicidad-google-ads\/","og_site_name":"InterWebGDL","article_modified_time":"2026-02-16T20:21:34+00:00","twitter_card":"summary_large_image","twitter_misc":{"Tiempo de lectura":"3 minutos"},"schema":{"@context":"https:\/\/schema.org","@graph":[{"@type":"WebPage","@id":"https:\/\/interwebgdl.com\/publicidad-google-ads\/","url":"https:\/\/interwebgdl.com\/publicidad-google-ads\/","name":"Campa\u00f1as de publicidad por Google ads","isPartOf":{"@id":"https:\/\/interwebgdl.com\/#website"},"datePublished":"2021-10-19T17:24:00+00:00","dateModified":"2026-02-16T20:21:34+00:00","description":"Necesitas resultados inmediatos con publicidad de Google, administramos de manera exitosa campa\u00f1as de publicidad por Google ads. 33 1399 0710","breadcrumb":{"@id":"https:\/\/interwebgdl.com\/publicidad-google-ads\/#breadcrumb"},"inLanguage":"es","potentialAction":[{"@type":"ReadAction","target":["https:\/\/interwebgdl.com\/publicidad-google-ads\/"]}]},{"@type":"BreadcrumbList","@id":"https:\/\/interwebgdl.com\/publicidad-google-ads\/#breadcrumb","itemListElement":[{"@type":"ListItem","position":1,"name":"Portada","item":"https:\/\/interwebgdl.com\/"},{"@type":"ListItem","position":2,"name":"PUBLICIDAD GOOGLE ADS"}]},{"@type":"WebSite","@id":"https:\/\/interwebgdl.com\/#website","url":"https:\/\/interwebgdl.com\/","name":"InterWebGDL","description":"Desarrollo Web &amp; Marketing","potentialAction":[{"@type":"SearchAction","target":{"@type":"EntryPoint","urlTemplate":"https:\/\/interwebgdl.com\/?s={search_term_string}"},"query-input":{"@type":"PropertyValueSpecification","valueRequired":true,"valueName":"search_term_string"}}],"inLanguage":"es"}]}},"_links":{"self":[{"href":"https:\/\/interwebgdl.com\/index.php?rest_route=\/wp\/v2\/pages\/400","targetHints":{"allow":["GET"]}}],"collection":[{"href":"https:\/\/interwebgdl.com\/index.php?rest_route=\/wp\/v2\/pages"}],"about":[{"href":"https:\/\/interwebgdl.com\/index.php?rest_route=\/wp\/v2\/types\/page"}],"author":[{"embeddable":true,"href":"https:\/\/interwebgdl.com\/index.php?rest_route=\/wp\/v2\/users\/3"}],"replies":[{"embeddable":true,"href":"https:\/\/interwebgdl.com\/index.php?rest_route=%2Fwp%2Fv2%2Fcomments&post=400"}],"version-history":[{"count":6,"href":"https:\/\/interwebgdl.com\/index.php?rest_route=\/wp\/v2\/pages\/400\/revisions"}],"predecessor-version":[{"id":1640,"href":"https:\/\/interwebgdl.com\/index.php?rest_route=\/wp\/v2\/pages\/400\/revisions\/1640"}],"wp:attachment":[{"href":"https:\/\/interwebgdl.com\/index.php?rest_route=%2Fwp%2Fv2%2Fmedia&parent=400"}],"curies":[{"name":"wp","href":"https:\/\/api.w.org\/{rel}","templated":true}]}}